{"id":784,"date":"2018-08-30T11:52:11","date_gmt":"2018-08-30T14:52:11","guid":{"rendered":"https:\/\/iescapdevila-cba.infd.edu.ar\/sitio\/informacion-general\/"},"modified":"2024-10-28T19:05:22","modified_gmt":"2024-10-28T22:05:22","slug":"informacion-general","status":"publish","type":"page","link":"https:\/\/iescapdevila-cba.infd.edu.ar\/sitio\/informacion-general\/","title":{"rendered":"Informaci\u00f3n General"},"content":{"rendered":"<ul>\n<li>\n<blockquote><p><span style=\"font-family: verdana, geneva; font-size: 10pt;\">El I.E.S. \u201cArturo Capdevila\u201d funciona en Sarmiento N\u00b0 1155 (Planta Alta), en Cruz del Eje. Forma parte del Nivel Superior no Universitario de la provincia de C\u00f3rdoba.<\/span><\/p><\/blockquote>\n<\/li>\n<\/ul>\n<p><span style=\"font-family: verdana, geneva; font-size: 10pt;\">\u00a0<\/span><\/p>\n<p><span style=\"color: #003399; font-family: verdana, geneva; font-size: 10pt;\"><strong>FORMACI\u00d3N ACAD\u00c9MICA<\/strong><\/span><\/p>\n<p><span style=\"color: #000000; font-family: verdana, geneva; font-size: 10pt;\">En nuestro instituto se ofrecen una amplia gama de carreras docentes y t\u00e9cnicas desde las cuales se pretende:<\/span><\/p>\n<ul>\n<li>\n<div><span style=\"color: #000000; font-family: verdana, geneva; font-size: 10pt;\">Constituir al Instituto en un centro de referencia acad\u00e9mica y\u00a0 de asistencia t\u00e9cnica regional.<\/span><\/div>\n<\/li>\n<li>\n<div><span style=\"color: #000000; font-family: verdana, geneva; font-size: 10pt;\">Presentar una propuesta activa y cr\u00edtica para la formaci\u00f3n, la capacitaci\u00f3n, el asesoramiento y la investigaci\u00f3n de la realidad local y regional.<\/span><\/div>\n<\/li>\n<li>\n<div><span style=\"color: #000000; font-family: verdana, geneva; font-size: 10pt;\">Dise\u00f1ar un\u00a0 proceso de planificaci\u00f3n alternativa para transformar la gesti\u00f3n institucional y curricular de las Instituciones educativas\u00a0 en poblaciones rurales.<\/span><\/div>\n<\/li>\n<\/ul>\n<p><span style=\"font-family: verdana, geneva; font-size: 10pt;\">A partir de estos objetivos se desarrollan las siguientes funciones:<\/span><\/p>\n<ul>\n<li><span style=\"font-family: verdana, geneva; font-size: 10pt;\">Formaci\u00f3n eficiente de educadores y t\u00e9cnicos comprometidos con la sociedad, capaces de transformar la realidad y de contribuir a elevar la calidad de vida del entorno.<\/span><\/li>\n<li><span style=\"font-family: verdana, geneva; font-size: 10pt;\">Impulso de la participaci\u00f3n responsable de los miembros de la comunidad educativa a partir de la investigaci\u00f3n\/acci\u00f3n con la posibilidad de intervenir determinando las prioridades y la b\u00fasqueda de soluciones y toma de decisiones.<\/span><\/li>\n<\/ul>\n<p><span style=\"font-family: verdana, geneva; font-size: 10pt;\"><span style=\"color: #000000;\">El I.E.S. \u201cArturo capdevila ofrece las siguientes carreras:<br \/>\n<\/span><strong>\u00a0 <\/strong><\/span><\/p>\n<ul>\n<li>\n<h6><em><span style=\"color: #ff0000; font-family: verdana, geneva; font-size: 10pt;\"><strong>PROFESORADO DE EDUCACI\u00d3N SECUNDARIA EN HISTORIA. Duraci\u00f3n 4 a\u00f1os<br \/>\n<\/strong><\/span><\/em><\/h6>\n<\/li>\n<li>\n<h6><em><span style=\"color: #ff0000; font-family: verdana, geneva; font-size: 10pt;\"><strong>PROFESORADO\u00a0 DE EDUCACI\u00d3N SECUNDARIA LENGUA Y LITERATURA.Duraci\u00f3n 4 a\u00f1os<br \/>\n<\/strong><\/span><\/em><\/h6>\n<\/li>\n<li>\n<h6><em><span style=\"color: #ff0000; font-family: verdana, geneva; font-size: 10pt;\"><strong>PROFESORADO DE EDUCACI\u00d3N SECUNDARIA EN MATEM\u00c1TICA. Duraci\u00f3n 4 a\u00f1os<br \/>\n<\/strong><\/span><\/em><\/h6>\n<\/li>\n<li>\n<h6><em><span style=\"color: #ff0000; font-family: verdana, geneva; font-size: 10pt;\"><strong>PROFESORADO EN LENGUA EXTRANJERA &#8211; INGLES.Duraci\u00f3n 4 a\u00f1os<br \/>\n<\/strong><\/span><\/em><\/h6>\n<\/li>\n<li><em><span style=\"color: #ff0000; font-family: verdana, geneva; font-size: 10pt;\"><strong>TECNICATURA SUPERIOR CON ORIENTACI\u00d3N BROMATOL\u00d3GICA.Duraci\u00f3n 2 A\u00d1OS 1\/2<\/strong><\/span><span style=\"color: #ff0000; font-family: verdana, geneva; font-size: 10pt;\"><strong><br \/>\n<\/strong><\/span><\/em><\/li>\n<li>\n<h6><em><span style=\"color: #ff0000;\"><strong>TECNICATURA SUPERIOR EN ENFERMERIA ( a t\u00e9rmino) Duraci\u00f3n 3 a\u00f1os\u00a0<\/strong><\/span><\/em><\/h6>\n<\/li>\n<\/ul>\n<p><!--more--><\/p>\n<ol>\n<li><span style=\"color: #003399; font-family: verdana, geneva; font-size: 10pt;\"><strong>REQUISITOS DE INGRESO<\/strong><\/span><\/li>\n<\/ol>\n<p><span style=\"color: #003399; font-family: verdana, geneva; font-size: 10pt;\"><span style=\"color: #003399;\">\u00a0<\/span><\/span><span style=\"color: #000000; font-family: verdana, geneva; font-size: 10pt;\">Documentaci\u00f3n que debe presentar el aspirante para inscribirse en Primer a\u00f1o, en cualquiera de las carreras:<\/span><\/p>\n<ol>\n<li>\n<div><span style=\"color: #000000; font-family: verdana, geneva; font-size: 10pt;\">Original\u00a0 y fotocopia del Certificado de estudio de Nivel Medio o Constancia provisoria.<br \/>\n<\/span><\/div>\n<\/li>\n<li>\n<div><span style=\"color: #000000; font-family: verdana, geneva; font-size: 10pt;\">Fotocopia Acta de Nacimiento.<br \/>\n<\/span><\/div>\n<\/li>\n<li>\n<div><span style=\"color: #000000; font-family: verdana, geneva; font-size: 10pt;\">Fotocopia del Documento Nacional de Identidad.<br \/>\n<\/span><\/div>\n<\/li>\n<li>\n<div><span style=\"color: #000000; font-family: verdana, geneva; font-size: 10pt;\">Certificado de Buena Salud extendido por\u00a0 organismo p\u00fablico. (Solicitar planilla en el Instituto)<br \/>\n<\/span><\/div>\n<\/li>\n<li>\n<div><span style=\"color: #000000; font-family: verdana, geneva; font-size: 10pt;\">Libreta de estudiante.<\/span><\/div>\n<\/li>\n<li>\n<div><span style=\"color: #000000; font-family: verdana, geneva; font-size: 10pt;\">Contribuci\u00f3n voluntaria.<\/span><\/div>\n<\/li>\n<\/ol>\n<div><strong><span style=\"color: #0000ff; font-family: verdana, geneva; font-size: 10pt;\">GESTION DE BECAS:<\/span><\/strong><\/div>\n<p>PRO-GRE-SAR<\/p>\n<p><span style=\"font-family: verdana, geneva; font-size: 10pt;\"><strong><span style=\"color: #003399;\">HORARIOS DE CURSADO<\/span><br \/>\n<\/strong><\/span><\/p>\n<p><span style=\"color: #000000; font-family: verdana, geneva; font-size: 10pt;\">De acuerdo a la carrera: de lunes a viernes: 13:30 a 18:20 o bien de 17:40 a 22:35 hs.<\/span><\/p>\n<p><span style=\"color: #003399; font-family: verdana, geneva; font-size: 10pt;\"><span style=\"color: #003399;\">\u00a0<\/span><\/span><span style=\"color: #003399; font-family: verdana, geneva; font-size: 10pt;\"><strong>MODALIDAD DE CURSADO-Presencial tres semanas y una virtual (Modalidad Combinada)<\/strong><\/span><\/p>\n<p><span style=\"color: #003399; font-family: verdana, geneva; font-size: 10pt;\"><span style=\"color: #003399;\">\u00a0<\/span><\/span><\/p>\n","protected":false},"excerpt":{"rendered":"<p>El I.E.S. \u201cArturo Capdevila\u201d funciona en Sarmiento N\u00b0 1155 (Planta Alta), en Cruz del Eje. Forma parte del Nivel Superior no Universitario de la provincia de C\u00f3rdoba. \u00a0 FORMACI\u00d3N ACAD\u00c9MICA En nuestro instituto se ofrecen una amplia gama de carreras docentes y t\u00e9cnicas desde las cuales se pretende: Constituir al Instituto en un centro de &#8230; <a title=\"Informaci\u00f3n General\" class=\"read-more\" href=\"https:\/\/iescapdevila-cba.infd.edu.ar\/sitio\/informacion-general\/\" aria-label=\"More on Informaci\u00f3n General\">[+]<\/a><\/p>\n","protected":false},"author":1714,"featured_media":0,"parent":0,"menu_order":0,"comment_status":"closed","ping_status":"closed","template":"","meta":[],"acf":[],"_links":{"self":[{"href":"https:\/\/iescapdevila-cba.infd.edu.ar\/sitio\/wp-json\/wp\/v2\/pages\/784"}],"collection":[{"href":"https:\/\/iescapdevila-cba.infd.edu.ar\/sitio\/wp-json\/wp\/v2\/pages"}],"about":[{"href":"https:\/\/iescapdevila-cba.infd.edu.ar\/sitio\/wp-json\/wp\/v2\/types\/page"}],"author":[{"embeddable":true,"href":"https:\/\/iescapdevila-cba.infd.edu.ar\/sitio\/wp-json\/wp\/v2\/users\/1714"}],"replies":[{"embeddable":true,"href":"https:\/\/iescapdevila-cba.infd.edu.ar\/sitio\/wp-json\/wp\/v2\/comments?post=784"}],"version-history":[{"count":4,"href":"https:\/\/iescapdevila-cba.infd.edu.ar\/sitio\/wp-json\/wp\/v2\/pages\/784\/revisions"}],"predecessor-version":[{"id":1500,"href":"https:\/\/iescapdevila-cba.infd.edu.ar\/sitio\/wp-json\/wp\/v2\/pages\/784\/revisions\/1500"}],"wp:attachment":[{"href":"https:\/\/iescapdevila-cba.infd.edu.ar\/sitio\/wp-json\/wp\/v2\/media?parent=784"}],"curies":[{"name":"wp","href":"https:\/\/api.w.org\/{rel}","templated":true}]}}