{"id":1003,"date":"2020-11-06T14:28:45","date_gmt":"2020-11-06T17:28:45","guid":{"rendered":"https:\/\/iescapdevila-cba.infd.edu.ar\/sitio\/?page_id=1003"},"modified":"2024-11-13T19:13:44","modified_gmt":"2024-11-13T22:13:44","slug":"inscripciones-2021","status":"publish","type":"page","link":"https:\/\/iescapdevila-cba.infd.edu.ar\/sitio\/inscripciones-2021\/","title":{"rendered":"PRE-INSCRIPCIONES 2025-A PARTIR DEL DIA 15\/10\/2024"},"content":{"rendered":"\n<figure class=\"wp-block-embed is-type-video is-provider-youtube wp-block-embed-youtube wp-embed-aspect-16-9 wp-has-aspect-ratio\"><div class=\"wp-block-embed__wrapper\">\n<iframe loading=\"lazy\" title=\"PRE INSCRIPCIONES A CARRERAS DE NIVEL SUPERIOR\" width=\"1200\" height=\"675\" src=\"https:\/\/www.youtube.com\/embed\/h2gJyqChnng?feature=oembed\" frameborder=\"0\" allow=\"accelerometer; autoplay; clipboard-write; encrypted-media; gyroscope; picture-in-picture; web-share\" referrerpolicy=\"strict-origin-when-cross-origin\" allowfullscreen><\/iframe>\n<\/div><figcaption class=\"wp-element-caption\">Mapa de Institutos de Nivel Superior:<a href=\"https:\/\/dges-cba.edu.ar\/wp\/index.php\/carreras\/\">https:\/\/dges-cba.edu.ar\/wp\/index.php\/carreras\/<\/a><\/figcaption><\/figure>\n\n\n\n<div class=\"wp-block-columns are-vertically-aligned-center has-vivid-cyan-blue-color has-text-color is-layout-flex wp-container-2\">\n<div class=\"wp-block-column is-vertically-aligned-center is-layout-flow\" style=\"flex-basis:100%\">\n<figure class=\"wp-block-pullquote alignfull has-text-align-center alignwide has-vivid-red-color has-text-color\"><blockquote><p><strong>Comunicamos a  los interesados, que las  Preinscripciones  a las Carreras que ofrece Nuestro Instituto de Ense\u00f1anza Superior  para el Ciclo Lectivo 2025, se realizar\u00e1 a partir del dia 15 de Noviembre, a trav\u00e9s  del Sistema Gesti\u00f3n Estudiantes (SGE)<\/strong>.<\/p><cite><strong>Carreras que ofrece nuestro instituto: <\/strong><br><br>&#x1f534;<strong> Profesorado de Educaci\u00f3n Secundaria en Lengua y Literatura. (4 a\u00f1os<\/strong> <strong>de duraci\u00f3n) <br>&#x1f7e2;Profesorado de Educaci\u00f3n Secundaria en Matem\u00e1tica. (4a\u00f1os de duraci\u00f3n)<br>&#x1f535; Profesorado de Educaci\u00f3n Secundaria en Historia . (4 a\u00f1os de duraci\u00f3n)<br> &#x1f7e1;Profesorado de Ingl\u00e9s. (4 a\u00f1os de duraci\u00f3n<\/strong>)<br>&#x1f7e0;<strong>Tecnicatura Superior en Enfermeria <\/strong>. (<strong>3a\u00f1os de duraci\u00f3n) <br>&#x1f7e3;Tecnicatura Superior en Tecnolog\u00eda y Biotecnolog\u00eda de los Alimentos  (2 1\/2<\/strong> <strong>de duraci\u00f3n) <\/strong><\/cite><\/blockquote><\/figure>\n\n\n\n<p><\/p>\n\n\n\n<p><\/p>\n\n\n\n<p class=\"has-black-color has-text-color\"><strong>PASO 1: Inscribirse desde CIDI- o Pagina del Gobierno de la Provincia de C\u00f3rdoba<\/strong> <strong>entrando al siguiente enlace :<\/strong><\/p>\n\n\n\n<p class=\"has-text-align-center\"><strong><em><a href=\"https:\/\/www.cba.gov.ar\/gestion-estudiantes\/?csrt=9302351921432273198\">https:\/\/www.cba.gov.ar\/gestion-estudiantes\/?csrt=9302351921432273198<\/a> <\/em><\/strong><\/p>\n\n\n\n<p class=\"has-text-align-center\"><\/p>\n\n\n\n<figure class=\"wp-block-image size-large is-resized\"><img decoding=\"async\" loading=\"lazy\" src=\"https:\/\/iescapdevila-cba.infd.edu.ar\/sitio\/wp-content\/uploads\/2022\/10\/Pagina-de-Gobierno-de-la-Provincia-.png\" alt=\"\" class=\"wp-image-1283\" width=\"855\" height=\"455\" srcset=\"https:\/\/iescapdevila-cba.infd.edu.ar\/sitio\/wp-content\/uploads\/2022\/10\/Pagina-de-Gobierno-de-la-Provincia-.png 1366w, https:\/\/iescapdevila-cba.infd.edu.ar\/sitio\/wp-content\/uploads\/2022\/10\/Pagina-de-Gobierno-de-la-Provincia--1000x533.png 1000w, https:\/\/iescapdevila-cba.infd.edu.ar\/sitio\/wp-content\/uploads\/2022\/10\/Pagina-de-Gobierno-de-la-Provincia--768x409.png 768w\" sizes=\"(max-width: 855px) 100vw, 855px\" \/><\/figure>\n\n\n\n<p class=\"has-text-align-center has-drop-cap has-black-color has-text-color\"><strong>Tambi\u00e9n puedes  ingresar por tu CIDI (no hace falta ser nivel 2) donde aparecer\u00e1 la siguiente imagen que te llevar\u00e1 al servicio de Prematiculaci\u00f3n <\/strong>.<a href=\"https:\/\/cidi.cba.gov.ar\/portal-publico\/\">https:\/\/cidi.cba.gov.ar\/portal-publico\/<\/a><\/p>\n\n\n\n<figure class=\"wp-block-image size-large is-resized\"><img decoding=\"async\" loading=\"lazy\" src=\"https:\/\/iescapdevila-cba.infd.edu.ar\/sitio\/wp-content\/uploads\/2022\/10\/Pre-matriculacion-por-cidi.png\" alt=\"\" class=\"wp-image-1282\" width=\"745\" height=\"396\" srcset=\"https:\/\/iescapdevila-cba.infd.edu.ar\/sitio\/wp-content\/uploads\/2022\/10\/Pre-matriculacion-por-cidi.png 1366w, https:\/\/iescapdevila-cba.infd.edu.ar\/sitio\/wp-content\/uploads\/2022\/10\/Pre-matriculacion-por-cidi-1000x533.png 1000w, https:\/\/iescapdevila-cba.infd.edu.ar\/sitio\/wp-content\/uploads\/2022\/10\/Pre-matriculacion-por-cidi-768x409.png 768w\" sizes=\"(max-width: 745px) 100vw, 745px\" \/><\/figure>\n\n\n\n<p><\/p>\n<\/div>\n<\/div>\n\n\n\n<p class=\"has-black-color has-text-color\"><strong>PASO 2:<\/strong> <strong>Luego de ingresar  por CIDI o por Pagina de Gobierno de la Provincia de C\u00f3rdoba,  debes buscar nuestro  Instituto  por C\u00f3digo de Empresa : EE0330129 o Colocando el Nombre de la Instituci\u00f3n : INSTITUTO DE ENSE\u00d1ANZA SUPERIOR  ARTURO CAPDEVILA  (aparecer\u00e1 de  la forma que muestra la imagen<\/strong>) <strong>ah\u00ed, puedes comenzar a buscar la carrera a la que quieres pre inscribirte.<\/strong><\/p>\n\n\n\n<figure class=\"wp-block-image size-large is-resized\"><img decoding=\"async\" loading=\"lazy\" src=\"https:\/\/iescapdevila-cba.infd.edu.ar\/sitio\/wp-content\/uploads\/2022\/10\/INSTITUTO.png\" alt=\"\" class=\"wp-image-1284\" width=\"814\" height=\"432\"\/><\/figure>\n\n\n\n<p class=\"has-text-align-center has-vivid-red-color has-text-color\"><strong>A partir del  d\u00eda  15 de Noviembre 2025   se encontrar\u00e1n  habilitadas  las Carreras correspondientes a Nuestro Instituto para el a\u00f1o 2025.<\/strong><\/p>\n\n\n\n<p><strong>PASO 3<\/strong>.<strong>Luego de realizar la pre inscripci\u00f3n  traer la siguiente documentaci\u00f3n a Nuestro Instituto  en el horario de 15 a 21 horas  de lunes a viernes .<\/strong><\/p>\n\n\n\n<p class=\"has-text-align-center has-vivid-cyan-blue-color has-text-color has-medium-font-size\"><strong>Documentaci\u00f3n  a presentar :<\/strong><\/p>\n\n\n\n<div class=\"wp-block-buttons is-layout-flex\">\n<div class=\"wp-block-button\"><a class=\"wp-block-button__link wp-element-button\">Original y copia de Titulo Secundario  o Constancia de Titulo en Tr\u00e1mite.<\/a><\/div>\n\n\n\n<div class=\"wp-block-button\"><a class=\"wp-block-button__link wp-element-button\">Fotocopia Ampliada de DNI -anverso y reverso. <\/a><\/div>\n\n\n\n<div class=\"wp-block-button\"><a class=\"wp-block-button__link wp-element-button\">Partida de Nacimiento original y copia.<\/a><\/div>\n\n\n\n<div class=\"wp-block-button\"><a class=\"wp-block-button__link wp-element-button\">Constancia de CUIL<\/a><\/div>\n\n\n\n<div class=\"wp-block-button\"><a class=\"wp-block-button__link wp-element-button\">CUS (Ficha M\u00e9dica )<\/a><\/div>\n<\/div>\n\n\n\n<p class=\"has-vivid-cyan-blue-color has-text-color\"><strong>Cualquier Inquietud comunicarse al Tel\u00e9fono: 3549\/426774<\/strong>&#8211;<\/p>\n\n\n\n<p class=\"has-vivid-cyan-blue-color has-text-color\"><strong>V\u00eda email: inescapdevila@yahoo.com.ar<\/strong>.<\/p>\n\n\n\n<p><\/p>\n\n\n\n<p class=\"has-text-align-center has-vivid-red-color has-text-color\"><strong>LOS ESPERAMOS !!!!<\/strong><\/p>\n\n\n\n<div class=\"wp-block-file\"><a id=\"wp-block-file--media-1eca8a28-683d-4e27-82aa-b6f29876cb03\" href=\"https:\/\/dges-cba.edu.ar\/wp\/index.php\/carreras\/\">https:\/\/dges-cba.edu.ar\/wp\/index.php\/carreras\/<br><\/a><a href=\"https:\/\/dges-cba.edu.ar\/wp\/index.php\/carreras\/\" class=\"wp-block-file__button wp-element-button\" download aria-describedby=\"wp-block-file--media-1eca8a28-683d-4e27-82aa-b6f29876cb03\">Descarga<\/a><\/div>\n\n\n\n\n\n\n\n\n\n\n\n\n\n\n\n\n\n\n\n\n\n\n\n\n","protected":false},"excerpt":{"rendered":"<p>Comunicamos a los interesados, que las Preinscripciones a las Carreras que ofrece Nuestro Instituto de Ense\u00f1anza Superior para el Ciclo Lectivo 2025, se realizar\u00e1 a partir del dia 15 de Noviembre, a trav\u00e9s del Sistema Gesti\u00f3n Estudiantes (SGE). Carreras que ofrece nuestro instituto: &#x1f534; Profesorado de Educaci\u00f3n Secundaria en Lengua y Literatura. (4 a\u00f1os de &#8230; <a title=\"PRE-INSCRIPCIONES 2025-A PARTIR DEL DIA 15\/10\/2024\" class=\"read-more\" href=\"https:\/\/iescapdevila-cba.infd.edu.ar\/sitio\/inscripciones-2021\/\" aria-label=\"More on PRE-INSCRIPCIONES 2025-A PARTIR DEL DIA 15\/10\/2024\">[+]<\/a><\/p>\n","protected":false},"author":380,"featured_media":0,"parent":0,"menu_order":0,"comment_status":"closed","ping_status":"closed","template":"","meta":[],"acf":[],"_links":{"self":[{"href":"https:\/\/iescapdevila-cba.infd.edu.ar\/sitio\/wp-json\/wp\/v2\/pages\/1003"}],"collection":[{"href":"https:\/\/iescapdevila-cba.infd.edu.ar\/sitio\/wp-json\/wp\/v2\/pages"}],"about":[{"href":"https:\/\/iescapdevila-cba.infd.edu.ar\/sitio\/wp-json\/wp\/v2\/types\/page"}],"author":[{"embeddable":true,"href":"https:\/\/iescapdevila-cba.infd.edu.ar\/sitio\/wp-json\/wp\/v2\/users\/380"}],"replies":[{"embeddable":true,"href":"https:\/\/iescapdevila-cba.infd.edu.ar\/sitio\/wp-json\/wp\/v2\/comments?post=1003"}],"version-history":[{"count":54,"href":"https:\/\/iescapdevila-cba.infd.edu.ar\/sitio\/wp-json\/wp\/v2\/pages\/1003\/revisions"}],"predecessor-version":[{"id":1510,"href":"https:\/\/iescapdevila-cba.infd.edu.ar\/sitio\/wp-json\/wp\/v2\/pages\/1003\/revisions\/1510"}],"wp:attachment":[{"href":"https:\/\/iescapdevila-cba.infd.edu.ar\/sitio\/wp-json\/wp\/v2\/media?parent=1003"}],"curies":[{"name":"wp","href":"https:\/\/api.w.org\/{rel}","templated":true}]}}